Suppose -4*w + 10 = -6. Let g(p) be the first derivative of p**4/4 - p**3 + p**2/2 - 3*p - 13. What is the units digit of g(w)?
7
Let k(m) = 2*m**2. Let u be k(2). Suppose -7*z = -3*z + u. What is the units digit of z + 2 + (11 - -2)?
3
Suppose 4*u - 7 = 5. Let x be (17/(-3))/(1/u). Let n = 24 + x. What is the units digit of n?
7
Let g = 9 - -12. Let i(f) = 2*f - 8. Let a be i(6). Suppose t - g = -a. What is the tens digit of t?
1
Suppose 22896 = -z + 25*z. What is the hundreds digit of z?
9
Let l = -18 + 14. Let h be 2/(l/(-30)*5). Suppose 3*d - 32 = 2*d + h*w, 4*w + 60 = 2*d. What is the units digit of d?
6
Let g(s) = 15*s**2 + 34*s + 176. What is the tens digit of g(-5)?
8
Suppose -2*z + 0*t = 4*t - 208, -z + 2*t + 124 = 0. Suppose 12*n - z = 9*n. What is the tens digit of n?
3
Let m = 2897 - 1049. What is the hundreds digit of m?
8
Let m = -823 + 1382. What is the tens digit of m?
5
Let u(d) = -56*d + 424. What is the tens digit of u(-8)?
7
Let k(q) = -q**2 + 4*q + 21. Let f be k(10). Let r = 18 + f. Let p = r - -51. What is the tens digit of p?
3
What is the tens digit of (-19)/(-2*5/140)?
6
Suppose 8*u - 2437 - 2843 = 0. What is the units digit of u?
0
Suppose -270791 = -49*l - 27555. What is the hundreds digit of l?
9
Let h(f) = -215*f**3 + f**2 - 2*f + 6. What is the thousands digit of h(-2)?
1
Let z be 9/6*-2*-2. Let k(r) = -r**3 + 8*r**2 - 8*r. Let h be k(z). What is the tens digit of h/10*50/10?
1
Let d = -1723 + 4171. What is the thousands digit of d?
2
Let o = 132 + -201. What is the hundreds digit of 0 + (o - -2)/((-2)/10)?
3
Let r(u) be the second derivative of u**4/6 + u**3/6 + 95*u**2/2 + 11*u. What is the units digit of r(0)?
5
Suppose 5 = z + 1. Let c = 72 + 53. Suppose -z*r = 25 - c. What is the units digit of r?
5
Let i = -28 - -28. Let l(s) = -s + 46. What is the tens digit of l(i)?
4
Suppose 4*i + 4*s + s - 457 = 0, 5*i - 2*s = 596. Suppose 4*k - i = -14. What is the tens digit of k?
2
Let p be (-7 + 13)*(-1)/(-2). Suppose -5*w + 3*q + 259 = -0*q, -p*w = 4*q - 138. What is the units digit of w?
0
What is the hundreds digit of 1 + 1083 + (-13 - -6)?
0
Let v be 2/3 + (-128)/12. Let w be ((-8)/v)/((-8)/20). What is the units digit of (-138)/(-7) + w/(-7)?
0
Suppose s - 4*n = -9*n + 61, -3*s + 3*n + 219 = 0. Suppose 0 = -5*q - 2*t + 487, -2*q - 5*t = -0*q - 199. Suppose 4*d - s = q. What is the tens digit of d?
4
Suppose -2*k + 0*v + 4*v + 16 = 0, -2*v - 10 = 0. Let x = k - -29. What is the tens digit of x?
2
Let i be 2/((-6)/(-4) - 70/56). Let m(n) = 50*n - 74. What is the tens digit of m(i)?
2
Suppose -x - 6*c + c = -24, -2*x - 5*c = -28. Suppose 3*k - x*k + 2 = 0. Let g(w) = 6*w**2 - w + 1. What is the units digit of g(k)?
3
Suppose 0 = 4*r + 11 + 1, -4*r + 78 = -3*y. Let l be (-2)/4 - 45/y. What is the tens digit of (l/2 - 0)*46?
2
Let k(w) = -2*w**3 - 52*w**2 + 52*w - 29. What is the units digit of k(-27)?
5
Let b(c) = 15*c**3 + 7*c**2 - 13*c - 2. What is the units digit of b(2)?
0
Suppose 3*h = 3*x + 9, -3*x + x - 8 = -h. Suppose 22 = -r + 2. What is the units digit of (-4 + x)/(4/r)?
5
What is the hundreds digit of (-1327)/(-4) - 3/(-16)*-4?
3
Let j be 2*(-3 - (-21)/6). Let w be (-64)/(-8)*(j - 68). What is the tens digit of w/(-14) - (-12)/(-42)?
3
Let q(h) = 5 + 4 - 2*h + 21. What is the tens digit of q(-7)?
4
Let u(w) = 6*w**2 - 11*w + 4. What is the tens digit of u(9)?
9
Suppose 6*d = d - 5*z + 3630, 0 = -z. Let r = -420 + d. What is the tens digit of r?
0
What is the hundreds digit of 7 - 2*-417 - 0?
8
Let d(x) be the first derivative of 29*x**2 - 17*x + 23. What is the units digit of d(3)?
7
What is the thousands digit of (-2)/(-6) + (15288208/78)/31?
6
Suppose 24*c = 74*c - 106050. What is the tens digit of c?
2
Suppose 3*a = 2*j - 40, -4*j = -4*a - 3*j - 55. Let w be a*(-36)/28*2. Let s = w - 18. What is the tens digit of s?
1
What is the hundreds digit of (88/(-22))/((-1)/327)?
3
Let z be (-13)/3 + (-1)/(-3). Suppose 0 = 24*x - 152 + 8. Let d = z + x. What is the units digit of d?
2
Let s be 84/16*(-8)/(-6). Let j(l) = 2*l**3 - 11*l**2 + 2*l - 2. What is the hundreds digit of j(s)?
1
Let j(a) = a**3 + 9*a**2 + 9*a + 4. Let c be j(-8). Let i be (-3)/c + (-217)/(-4). Suppose -i = -5*y + 20. What is the tens digit of y?
1
Suppose j + 18 = 2*a - 2*j, -3*j = 2*a - 6. Suppose 3*g = a*g. What is the units digit of g + 4 + -3 - -23?
4
Suppose -2*p - 3*p = u - 200, 0 = -u + 5*p + 200. What is the tens digit of u?
0
Let g = -202 - -293. Let m = g + -3. What is the units digit of m?
8
Suppose -4*o = -2*o - 26. Let t be (o + 4)/(2/2). Let r = -1 + t. What is the units digit of r?
6
Let b(z) = 60*z**2 + z - 9. Let g be b(3). Suppose 6*o - 8*o + g = 0. What is the tens digit of o?
6
Suppose 100833 = 49*a + 12*a. What is the thousands digit of a?
1
Suppose w - 1162 = -327. What is the hundreds digit of w?
8
Let x(d) = -d**2 + 7*d + 3. Let z be x(7). Let r = z - 3. Suppose -3*n = 5*b - 21, -4*n + r = -2*b - 2. What is the units digit of b?
3
Suppose 5*x - 3812 = 5*v + 3*x, 0 = -3*v + 2*x - 2288. What is the hundreds digit of (-4)/12*v/(4/2)?
1
Let n = 2261 - 1234. What is the hundreds digit of n?
0
Let q(c) = -5*c - 25. Let d be q(-18). Suppose -3*w = y + 42, -5*w + 3*y - 19 = d. Let m = w + 17. What is the units digit of m?
2
Let s(v) = 29*v**3 + 3*v**2 - 4*v + 7. What is the tens digit of s(2)?
4
Let d(y) be the second derivative of -4*y**3 + y**2/2 - y. Let m(f) = -2*f - 1. Let v be m(0). What is the units digit of d(v)?
5
Suppose 20 = -5*c, 3*c - 329 = -2*r + 1077. What is the units digit of r?
9
Suppose -18*q = 1 - 37. Let m(t) = 46*t**2 + 9*t - 17. What is the hundreds digit of m(q)?
1
What is the units digit of 25/(-2)*17424/(-330)?
0
What is the thousands digit of 10/8 - 2 - 188367/(-148)?
1
Suppose 2*y = -g + 379, 3*y + 744 = -0*g + 2*g. What is the units digit of g?
5
Let w be -62*((-28)/8 - -3). Suppose -5*f = -3*s - w, 0 = -2*s - f + 4*f - 19. What is the tens digit of (s/6)/(5/(-150))?
1
What is the hundreds digit of (9/3)/(3/183)?
1
Suppose -6039 = -3*q + 2*o, -2*q = -57*o + 58*o - 4033. What is the tens digit of q?
1
Let l(t) = -t**3 - 2*t**2 - t + 155. What is the hundreds digit of l(0)?
1
Suppose 9560 + 11500 = 15*d. What is the units digit of d?
4
Let d be (23 + -17)*(4 - 0). Suppose -j + 33 = -d. What is the units digit of j?
7
Suppose 1125 = 7*q + 2*q. What is the tens digit of q?
2
Suppose 12*l + 4213 - 21253 = 0. What is the units digit of l?
0
Suppose 0 = -4*i - 3*o + 958, 3*i + 4*o = -2*i + 1198. What is the tens digit of i?
3
What is the tens digit of ((-485)/10 + -2)*(-5 + 1)?
0
Suppose 194 = -3*f + 668. Suppose 4*g - 6*g = -3*t + f, 3*t - 146 = -g. Suppose 3*p - t = -2*p. What is the tens digit of p?
1
Let t(i) = 11*i**2 - 2*i - 1. Let w be t(-1). Suppose -16*v + w*v = -372. What is the tens digit of v?
9
Suppose 0 = 2*l + 4*j + 28, 4*l + 7*j + 44 = 5*j. What is the tens digit of (-6)/((l/75)/2)?
9
Let w be -3 + 11/4 + 1458/8. Suppose -4*t - 3*y - w = -5*t, t - 2*y = 186. What is the hundreds digit of t?
1
Suppose 3*b = -2*b + 15. Suppose 2*t + 29 = -r, -b = -r - 2*r. Let z = t - -60. What is the tens digit of z?
4
What is the units digit of (-15229)/(-388) + 10/(-8) + 1?
9
Let g = -22 + 33. Let q(k) = 26*k - 15*k - 142*k**2 + 141*k**2 + 11. What is the units digit of q(g)?
1
Suppose -4*t = -14 + 6. Let g be 3*(1 - t) + 5. Suppose 0 = -4*u + g*o - 5*o + 38, -37 = -3*u + 2*o. What is the units digit of u?
1
Suppose 7 + 8 = 3*q. Suppose q*n - 15 = 2*n. Suppose 5*z - 40 + n = 0. What is the units digit of z?
7
Let m = 10 + -7. Suppose -5*y = -4*y - m*x - 10, 50 = 5*y + 2*x. What is the units digit of (-1)/(-2 - (-18)/y)?
5
Let o = 54 - -329. What is the units digit of o?
3
Suppose -7 = 6*g - 5*g. Suppose 0 = -5*h - 4*u - 25, 2*h + u - 5*u = -10. What is the units digit of (-66)/4*(g - h)?
3
Let z(l) = -l + 14. Let t be z(12). Suppose 3*s + 2*o = 207, t*s + 5*o = 105 + 22. What is the tens digit of s?
7
Let m(w) = -5*w - 2. Let h(s) = 2*s + 1. Let g(r) = -8*h(r) - 3*m(r). Let k be g(7). Let t = k - -37. What is the tens digit of t?
2
Let r = -43 - -89. Let u = 118 - r. What is the units digit of u?
2
Let d(b) = -73*b + 470*b - 15 - 78*b. What is the units digit of d(1)?
4
What is the units digit o